lse
Is 14060569361 a composite number?
False
Is 4262127271 prime?
True
Is 2315311051 a composite number?
False
Is 46408098799 a prime number?
True
Is 422361791 a prime number?
True
Is 418825774 a composite number?
True
Is 563386513 prime?
False
Is 5124769711 a prime number?
True
Is 30097681391 prime?
True
Is 303321253 a prime number?
False
Is 29081034617 a prime number?
True
Is 36077743753 composite?
False
Is 3858197069 a composite number?
False
Is 8132067701 a prime number?
True
Is 3996354049 prime?
True
Is 5475170009 composite?
False
Is 1125500743 composite?
True
Is 1547676629 a prime number?
False
Is 4554955007 a prime number?
True
Is 4876180377 a composite number?
True
Is 777948289 a prime number?
True
Is 931608697 a prime number?
False
Is 79101791 a composite number?
False
Is 737923211 a composite number?
False
Is 737577611 composite?
True
Is 1655779769 a prime number?
False
Is 2743053613 composite?
True
Is 6243916209 a prime number?
False
Is 1146212591 a prime number?
True
Is 23580198911 a composite number?
True
Is 113301115999 a composite number?
False
Is 14410150613 prime?
False
Is 712568471 a composite number?
False
Is 57824067163 prime?
False
Is 152094317 a composite number?
False
Is 1109126693 prime?
True
Is 465827459 a prime number?
True
Is 1213097029 a prime number?
True
Is 25671646523 composite?
True
Is 765397981 composite?
False
Is 53984634167 composite?
False
Is 20715921259 a composite number?
True
Is 174412094 composite?
True
Is 353209471 prime?
True
Is 941757863 prime?
True
Is 4584109861 composite?
True
Is 1701264769 composite?
True
Is 553553797 prime?
True
Is 664967131 prime?
False
Is 15842398919 a composite number?
True
Is 14721931733 a composite number?
False
Is 36690760042 a prime number?
False
Is 10418755637 prime?
True
Is 11482915921 prime?
True
Is 59889931 a composite number?
False
Is 7619675899 composite?
True
Is 3058368547 a composite number?
True
Is 2522332273 a prime number?
False
Is 109314818647 prime?
True
Is 2459506531 composite?
False
Is 359858609 a composite number?
True
Is 35362092457 a composite number?
True
Is 994630217 prime?
False
Is 9610231271 a prime number?
True
Is 33403170037 prime?
False
Is 4984343167 prime?
True
Is 53910624161 composite?
True
Is 25260214651 a prime number?
False
Is 32115437773 a prime number?
True
Is 12098784773 composite?
True
Is 6084787183 prime?
False
Is 7828158431 prime?
False
Is 63156093023 composite?
False
Is 25876866283 composite?
False
Is 38221893959 a prime number?
True
Is 101689433 prime?
True
Is 8757348401 a prime number?
True
Is 45691952123 prime?
True
Is 1310845574 a composite number?
True
Is 3843357307 a prime number?
False
Is 1010224667 composite?
False
Is 1322022443 prime?
False
Is 455986789 composite?
True
Is 10891530761 prime?
False
Is 543762269 a composite number?
False
Is 1825406773 prime?
False
Is 11114333093 a composite number?
True
Is 1719267169 a prime number?
True
Is 611861209 a composite number?
True
Is 22998307751 a composite number?
False
Is 1016287 a composite number?
True
Is 62553146419 a prime number?
True
Is 10724982539 a prime number?
True
Is 26214507817 prime?
True
Is 1025053979 composite?
True
Is 132730892509 prime?
False
Is 315285001 prime?
False
Is 3054854589 a composite number?
True
Is 17569676717 prime?
False
Is 73842349654 a composite number?
True
Is 4789393771 a composite number?
False
Is 10044729589 prime?
True
Is 3705446231 a prime number?
True
Is 9356772863 composite?
True
Is 1966974731 prime?
True
Is 17568310471 a composite number?
False
Is 6709192031 composite?
False
Is 24582164213 a prime number?
False
Is 461814959 composite?
False
Is 117366391 composite?
False
Is 867930451 prime?
True
Is 1317042973 a composite number?
False
Is 432825221 a composite number?
False
Is 5664246941 prime?
False
Is 24829876519 prime?
False
Is 352721821 a prime number?
True
Is 2620773343 prime?
True
Is 44503841 prime?
False
Is 7751200609 composite?
True
Is 8965386929 composite?
True
Is 7058714413 a composite number?
True
Is 5284416607 prime?
False
Is 1282962347 composite?
False
Is 922773227 prime?
False
Is 3316824701 a prime number?
True
Is 15188219437 prime?
False
Is 3107224477 a composite number?
True
Is 8620678303 a composite number?
True
Is 1628099719 a prime number?
False
Is 61738624777 a composite number?
False
Is 26329750223 composite?
True
Is 11482899601 prime?
True
Is 193757341 a prime number?
False
Is 1586456971 a prime number?
False
Is 370386193 a prime number?
True
Is 61202106211 prime?
True
Is 2161979635 prime?
False
Is 5741042491 a composite number?
False
Is 11112877357 prime?
True
Is 515479057 prime?
True
Is 6742533307 prime?
True
Is 2306587187 prime?
True
Is 16653454 composite?
True
Is 397423971933 composite?
True
Is 21387119318 composite?
True
Is 5607299887 a prime number?
False
Is 7226668409 a composite number?
False
Is 310030339 a composite number?
False
Is 292604483 composite?
True
Is 4735898797 prime?
False
Is 151653103 composite?
True
Is 109659879313 a prime number?
True
Is 6835354159 prime?
True
Is 1639388423 a composite number?
False
Is 523145797 a composite number?
False
Is 1243791671 a composite number?
True
Is 909446737 composite?
False
Is 2666542189 composite?
True
Is 7499632351 composite?
False
Is 1285966951 a composite number?
False
Is 65871109 composite?
False
Is 237075607 prime?
True
Is 4372961171 prime?
True
Is 584281219 composite?
False
Is 743635979 a prime number?
True
Is 486914543 a prime number?
True
Is 8704853821 prime?
True
Is 4003132931 composite?
True
Is 9152796461 a composite number?
False
Is 22945337197 composite?
False
Is 9016567237 prime?
True
Is 3056898197 prime?
False
Is 763481171 composite?
False
Is 30251511041 composite?
False
Is 23260187551 composite?
False
Is 466566649 composite?
True
Is 52745531 a composite number?
False
Is 161340591473 composite?
True
Is 162035147 prime?
False
Is 25749122669 a prime number?
True
Is 3628369861 prime?
True
Is 6185531161 a composite number?
False
Is 9382917793 a composite number?
False
Is 616914341 a composite number?
False
Is 1139284811 composite?
True
Is 46279167245 composite?
True
Is 8511210749 prime?
True
Is 9197105053 a prime number?
True
Is 4244006951 a composite number?
True
Is 16473999527 composite?
True
Is 1535503747 a composite number?
False
Is 205732099 composite?
True
Is 9106827557 composite?
False
Is 2367427883 prime?
False
Is 786905153 prime?
False
Is 842320117 prime?
True
Is 214088671 prime?
False
Is 277878763 prime?
True
Is 15385692991 a composite number?
False
Is 367433491 a composite number?
False
Is 442888321 a prime number?
True
Is 1814286787 composite?
False
Is 1685356457 a prime number?
False
Is 13364730647 a composite number?
True
Is 3260162551 a prime number?
True
Is 712238993 composite?
False
Is 12492276989 a prime number?
True
Is 3497988797 a composite number?
False
Is 17567108519 prime?
False
Is 2358812273 a composite number?
True
Is 22164553 a prime number?
True
Is 1814987087 composite?
True
Is 1118597561 prime?
True
Is 565803439 prime?
False
Is 111985325099 composite?
False
Is 6499416269 composite?
False
Is 44845700839 composite?
False
Is 1565290123 prime?
True
Is 14919067663 a prime number?
True
Is 2716657277 a prime number?
False
Is 74795507 a composite number?
True
Is 484589707 a prime number?
False
Is 65878754978 composite?
True
Is 21172735877 a prime number?
False
Is 4646483419 composite?
False
Is 362123639 composite?
False
Is 2119928989 prime?
True
Is 10829791439 a prime number?
True
Is 19308294143 a composite number?
True
Is 332042327 composite?
True
Is 23866610797 prime?
True
Is 2066122433 a prime number?
False
Is 26904180821 a prime number?
False
Is 228287699 a prime number?
False
Is 16350560647 prime?
False
Is 3669656829 composite?
True
Is 80754823 composite?
False
Is 1975455799 prime?
True
Is 1104515293 a composite number?
True
Is 9293678633 composite?
True
Is 708777973 a composite number?
False
Is 14606428393 prime?
False
Is 1166289667 composite?
True
Is 1940179169 composite?
True
Is 180903781 a composite number?
True
Is 153542413 composite?
True
Is 966739439 composite?
False
Is 4651753 a prime number?
False
Is 2584641487 composite?
False
Is 12707845265 a prime number?
False
Is 3696917503 prime?
False
Is 3281901983 composite?
False
